= 3*l - x, -g*l - 153 = -4*x - 453. Let b = -31 + l. Calculate the remainder when b is divided by 15.
14
Suppose 5*b - 52 = -5*t + 8, 0 = -5*b + 25. Let i = t - 4. Suppose 0 = i*q - 8*q + 70. What is the remainder when 40 is divided by q?
12
Let k = -13 - -16. What is the remainder when k is divided by 3?
0
Let a = 27 - 19. What is the remainder when 22 is divided by a?
6
Suppose 5*x - 3*p - 207 = -0*p, -3*x - p = -113. Calculate the remainder when x is divided by 10.
9
Let b be (16/(-20))/((-2)/5). Suppose -6*n + 2*n + b*u + 36 = 0, 5*n = -3*u + 56. What is the remainder when 39 is divided by n?
9
Calculate the remainder when 13 is divided by 2 + -3*8/(-12).
1
Let x(f) = 2*f**2 - 12*f + 5. Calculate the remainder when 9 is divided by x(6).
4
Suppose -2*r + 9 = 3. Suppose -5*p = -z + 2, 0*z - 3*z + 6 = -5*p. Suppose p = -4*v + 19 - 3. What is the remainder when v is divided by r?
1
Suppose 3*w - p = -2*w + 10, -2*p - 9 = w. Let l be 4 - 4*(-6)/4. Let f = l + -9. What is the remainder when f is divided by w?
0
Suppose 3*s = 3*m - 15, -4*m + 32 = -2*s + 4*s. Let c = 0 + 19. What is the remainder when c is divided by m?
5
Let s = 2 + 3. What is the remainder when (s + -3 + -48)/(-2) is divided by 6?
5
Let q(d) = -d**3 + 5*d**2 + 8*d - 2. Let k be q(6). Calculate the remainder when 145/2 + 5/k is divided by 25.
23
Let n = -112 + 168. Let c(d) = 20*d - 1. What is the remainder when n is divided by c(1)?
18
Let c(r) = -r**3 + 4*r**2 - 4. Calculate the remainder when 14 is divided by c(3).
4
Let k be -3*((-60)/(-9) + 0). Calculate the remainder when (-1 - 18)/(2/(-2)) is divided by (16/k)/((-2)/25).
9
Suppose 0 = -4*q + 4, 8*f - 5*q - 280 = 3*f. Calculate the remainder when f is divided by 20.
17
Let m(n) = 16*n - 12. Calculate the remainder when m(5) is divided by 18.
14
Let t = 119 - 91. What is the remainder when 79 is divided by t?
23
Suppose 3*a - 4*x = -x - 6, -3*x = -a - 12. Let v be (-129)/(-9) + 2/a. What is the remainder when 9 is divided by ((-2)/(-2))/3*v?
4
Let j(b) = -19*b - 5. Let g be 90/(-24) + 3/(-12). What is the remainder when j(g) is divided by 24?
23
Suppose 5*u - 10 = -0*u. Suppose 29 = 9*h - 7. What is the remainder when h is divided by u?
0
Calculate the remainder when 185 is divided by -2*186/(-9)*3/4.
30
Let t(s) = 2*s**3 + 2*s**2 + 2. Let f be t(2). Let i be (-2 + 5)/((-12)/64). Let x = i + f. Calculate the remainder when 38 is divided by x.
8
Let c(p) = -2*p. Let d be c(-2). Let z(k) = -3 - d*k + 6 - 3. What is the remainder when 14 is divided by z(-1)?
2
Let q = 36 + 3. What is the remainder when 116 is divided by q?
38
Let j(c) = -c**3 - 3*c**2 + 2*c - 5. Let k be j(-4). Suppose -i - 4 = k*i. Calculate the remainder when -1 + 41 + i + -2 is divided by 13.
11
Suppose 4*p + 0*p = 28. Calculate the remainder when p is divided by 4.
3
Suppose 0 = -5*k + 161 + 9. What is the remainder when k is divided by 6 + -6 - -4*3?
10
Let r = -19 + 55. What is the remainder when r is divided by 8?
4
Let s = -4 + -19. Let p be s/4 + (-1)/4. Let n = 14 + p. What is the remainder when n is divided by 3?
2
What is the remainder when 19 is divided by -3 - -4 - 2 - -6?
4
Let c(w) = w**3 + 2*w**2 - 2*w. Let l be c(-2). Suppose z = -l + 6. Calculate the remainder when 24 is divided by z*((-13)/(-2))/1.
11
Let d = 6 + 23. What is the remainder when 85 is divided by d?
27
Let u = -3 + 2. Let j(n) = -38*n - 1. What is the remainder when j(u) is divided by 19?
18
Let y(f) = -3*f + 5. Calculate the remainder when 21 is divided by y(0).
1
Suppose -3 = -4*y - 19, 3*z - 103 = 4*y. Calculate the remainder when 56 is divided by z.
27
Let t = 42 + -18. Let b(x) = -5*x - 2. Suppose 2*d = 7*d + 15. What is the remainder when t is divided by b(d)?
11
Suppose -8*r + 42 = -2*r. What is the remainder when 12 is divided by r?
5
Calculate the remainder when 47 is divided by (4 - 1 - 6) + 19.
15
Let z = 164 + -117. What is the remainder when 185 is divided by z?
44
Suppose 0 = 3*i - 9, 2*w - 1 = 3*i + 18. What is the remainder when 25 is divided by w?
11
Suppose 3*n - 6 + 18 = 0. Let y(l) = -9*l + 1. Calculate the remainder when y(n) is divided by 13.
11
Let i(a) = -a**2 - a + 53. Let r be (-2)/(4/(-10)) - 3. Suppose 0 = r*u + 3*u. What is the remainder when i(u) is divided by 18?
17
Let r(z) = 14*z + 1. Suppose -2*m - 82 = -6*m - j, 3*m - 4*j = 52. Calculate the remainder when r(4) is divided by m.
17
Suppose -3 = -2*q + 1. Let m = q + -8. What is the remainder when 59 is divided by ((-90)/(-12))/(m/(-16))?
19
Let u = 192 + -108. Calculate the remainder when u is divided by 29.
26
Let l = 84 - 12. What is the remainder when l is divided by 15?
12
Suppose -3*t = -4 - 11. Suppose 2*m = -3*w + 25, -w + t*w = 3*m - 12. Calculate the remainder when 4 + -1 - (-17 - 1) is divided by m.
5
What is the remainder when (-14)/105 - (-422)/15 is divided by 11?
6
Suppose 4*v = 8*v. Suppose v*j - j + 5*p = -92, 310 = 5*j + 5*p. Calculate the remainder when j is divided by 23.
21
What is the remainder when 30 is divided by 20/(-90) - (-92)/9?
0
Let o = -15 - 7. Let i = -9 - o. Calculate the remainder when 38 is divided by i.
12
Suppose 0*l - 76 = 2*l - 2*p, 2*p = 5*l + 187. Let q = -1 - l. What is the remainder when q is divided by 13?
10
Suppose t = -z - z + 10, -t = -2. Calculate the remainder when 4 is divided by z.
0
Suppose 213 = 3*n - 48. Calculate the remainder when n*(-2 + (-7)/(-3)) is divided by (5 - (3 - -1)) + 14.
14
Let n(h) = h**3 + 4*h**2 + h + 1. Calculate the remainder when 33 is divided by n(-3).
5
Let c = 51 - 38. Calculate the remainder when c is divided by 8.
5
Let m(z) = 2*z - 9. Let g be m(13). Let k = g + -12. What is the remainder when 110/6 - (-8)/12 is divided by k?
4
Let p = 157 + -123. Let a(n) = 2*n**2 - 5*n - 3. What is the remainder when p is divided by a(4)?
7
Let r(n) = -n**2 + 4*n - 3. Let h be r(3). Suppose -4*p + 15 = -p. Suppose h = k - p*k + 52. Calculate the remainder when 24 is divided by k.
11
Suppose 2*r + 4 = 0, -2*f = 5*r + 10 - 0. Suppose 3*t - 38 = -t + 2*p, -2*t + 3*p + 29 = f. What is the remainder when 25 is divided by t?
4
Suppose 0 = 5*x - 1 + 6, -4*x - 98 = -2*s. Let g = -17 - -3. What is the remainder when s is divided by 18/(-42) - 342/g?
23
Let w(b) = b**3 + b**2 - 2*b. Let y be w(2). Let g(z) = -z**2 + 9*z - 8. Let n be g(8). Suppose n*h = 4*h - y. What is the remainder when 5 is divided by h?
1
Let g be (0 - 2)*5/(-1). Let z = g + -6. Suppose -z*x = -x - 24. Calculate the remainder when 15 is divided by x.
7
Suppose -5*h = -h - 96. Suppose -4*c + c = -h. Suppose -3*o + 22 = -20. Calculate the remainder when o is divided by c.
6
Let i be 4/(3*6/9). Suppose -2*y + f - 330 = -5*y, 0 = y + i*f - 110. Suppose -4*x + y = x. Calculate the remainder when x is divided by 8.
6
Let y(r) = r**2 - 6*r - 10. Let j be y(7). Let z = 3 + j. Suppose 2*q + 5*v - 13 = -0*q, 2*q - 3*v - 21 = z. Calculate the remainder when 25 is divided by q.
7
Let u(q) = 5*q. What is the remainder when u(8) is divided by 21?
19
Let k = 21 - -6. Let h(w) = -57*w**3 + 3*w + 2. Let v be h(-1). Let t = v - k. What is the remainder when t is divided by 15?
14
Suppose 25 = 2*y + 3*a, 3*y + 5*a - 45 = 3*a. What is the remainder when y is divided by 6?
5
Let n be (-2 + -1)*(-10)/6. Calculate the remainder when 64 is divided by 22/n*(8 - 3).
20
Let z(g) = 3*g. Suppose 36 = 2*d + d. Let i = d + -1. Calculate the remainder when i is divided by z(2).
5
Let o = -4 + 11. Let y be ((-12)/8)/(3/(-8)). Calculate the remainder when (38/y)/(1/2) is divided by o.
5
Let c(s) = -s - 4. Let d be c(3). Suppose 0 = 2*u - 6*u + 24. Calculate the remainder when u is divided by 6/4*-2 - d.
2
Let t = -73 + 143. Suppose 4*l - t = 2*c, -l = -c - 4*c - 22. What is the remainder when l is divided by 6?
5
Let b = 0 + 2. Suppose 0 = 5*n + 5, 4*q - 24 - 57 = n. Suppose -b*z + q = -8. Calculate the remainder when 41 is divided by z.
13
Let u = 80 - 66. Calculate the remainder when 36 is divided by u.
8
Let t(h) = 2*h**2 - 8*h + 27. What is the remainder when t(7) is divided by 20?
9
Let o be (-8)/(-10)*(-90)/(-12). Suppose -o = -i + 2. Calculate the remainder when 21 is divided by i.
5
Let w(f) = f**2 + 2*f + 9. Calculate the remainder when (48 - 1) + (0 - 0) is divided by w(-3).
11
Let p b